. Let v = r + -10. Suppose -41 = -9*u + 4*u + o, v*o = -5*u + 36. What is the remainder when 23 is divided by u?
7
Let g = -52 - -52. Suppose 2*n = -2*z + 3*z - 68, g = 5*n - 10. Calculate the remainder when z is divided by 25.
22
Suppose -c - 4*c - 63 = -2*t, -43 = -2*t + c. What is the remainder when 225 is divided by t?
16
Let a be (3*2)/(-3) + 454 + -8. Calculate the remainder when 63 is divided by a/14 + (-20)/(-70).
31
Let u(h) = -11*h**3 - 2*h**2 - 5*h - 1. Calculate the remainder when u(-2) is divided by 45.
44
Let t = -44 - -70. What is the remainder when t is divided by (1 - (7 - 0))*(-225)/150?
8
Suppose 4*a + 0*a = 0. Let u be a + (2 - -1) + 1. Suppose -4 = -u*f + 16. What is the remainder when 18 is divided by f?
3
Let g(z) = -z**3 - z**2 - 2*z - 3. Let p be g(-2). Suppose -5*m - 25 = 3*n - 109, p*m - 140 = -5*n. What is the remainder when n is divided by 16?
12
Let s(b) = b**2 + b - 3*b + b + 3. Let p be ((-10)/15)/(-2) + (-14)/(-3). What is the remainder when s(p) is divided by 6?
5
Suppose 0 = -2*g - p + 55, 4*g - 6*p - 85 = -3*p. Calculate the remainder when 97 is divided by ((-3)/(-6)*g)/(2/4).
22
Let x(g) = -g**2 - g + 12. Suppose -4*k = -9*k. Let a(f) = -f + 21. What is the remainder when x(k) is divided by a(16)?
2
Suppose 0 = 77*p - 74*p - 21. Let c = -9 + 29. Calculate the remainder when c is divided by p.
6
Let w(h) = -10*h - 1. Calculate the remainder when w(-5) is divided by (-1 - -38) + 330/(-30).
23
Suppose 0 = -4*z + 344 + 12. Let t(d) = 4*d + 4. Let m be t(11). Suppose 4*w + 3*c = z, -c - m + 11 = -2*w. Calculate the remainder when 37 is divided by w.
17
Let k(b) = 3*b**2 + 6*b + 4. Calculate the remainder when k(7) is divided by (-1885)/(-39) + 2/3.
46
Suppose -7 = -5*s - 2, 4*s = 3*y - 65. Suppose 0*p + 3*b = p - 20, 3*p + 2*b = 38. What is the remainder when y is divided by p?
9
Let l = 566 - 471. Suppose -9 = -4*a + 47. What is the remainder when l is divided by a?
11
Suppose 2*s - 10 = 0, 7 + 8 = 5*b - 4*s. Suppose -50 - 20 = -b*u. What is the remainder when 99 is divided by u?
9
Let p = 141 - 173. Suppose -4*x + 3*x + 48 = 0. Let o = p + x. What is the remainder when 29 is divided by o?
13
Let k(p) = -117*p - 425. Calculate the remainder when 122 is divided by k(-4).
36
Let q be 1*-13 + (-6)/6. Let k be q/4*12/(-21). Calculate the remainder when ((-12)/(-4))/(k/22) is divided by 9.
6
Let d(t) = -t**3 + 46*t**2 - 42*t - 127. Let o = -13 - -41. What is the remainder when o is divided by d(45)?
4
Let f(g) = -g**3 - 6*g**2 - g + 12. Let s = 17 + 4. Suppose 2*o + s = -o. What is the remainder when f(o) is divided by 18?
14
Suppose -39*i = -927 - 2115. What is the remainder when 854 is divided by i?
74
Suppose 0 = s + 5*y - 3*y - 296, 5*y - 888 = -3*s. Calculate the remainder when s is divided by 42.
2
Calculate the remainder when 8/((-7)/(-196) + 0) is divided by 76.
72
Let h(u) = 9*u + 22. What is the remainder when h(3) is divided by 22?
5
Let i = 85 - 46. What is the remainder when 2 + -4 + 0 + -1 + 116 is divided by i?
35
Let l(i) = -i**3 + 6*i**2 + 4*i + 6. Let d be l(6). Suppose -j - d = -b, 2*j + 74 = -4*b - b. What is the remainder when 39 is divided by 3 + -1 + j/(-4)?
9
Let o(l) = -l**2 + 18*l - 24. Let a be o(13). Suppose 5*f + a = 2*x, -4*x - 4*f + 2*f + 46 = 0. What is the remainder when (1 + 0 - -1) + 35 is divided by x?
11
Let o be -2 - (1211/(-21) + 2/(-6)). Suppose -4*z = -4*c + 104, 3*c - 30 = z + o. Calculate the remainder when 57 is divided by c.
27
Suppose 0 = -105*p + 100*p + 95. What is the remainder when 50 is divided by p?
12
Calculate the remainder when 121 is divided by -19 - -56 - (-2)/(-1).
16
Let o(l) be the third derivative of -31*l**6/120 + l**4/24 + l**3/3 - 10*l**2. What is the remainder when o(-1) is divided by 12?
8
Let n be (-6)/3*(-44)/2. Let w = n - -5. Let z(j) = -17*j. What is the remainder when w is divided by z(-1)?
15
Suppose 63 = 2*x + 21. Let v = 74 - 66. Calculate the remainder when x is divided by v.
5
Let s(f) = 3*f**2 + 3*f - 61. Calculate the remainder when 517 is divided by s(6).
62
Let v(g) = g + 1. Let p(i) = i**2 + 5*i - 19. Let m(a) = -p(a) - v(a). Calculate the remainder when m(-7) is divided by 3.
2
Suppose 2*t - 53 = -3*b, -6*b = -b - t - 71. Let z(s) = -2*s**3 + 31*s**2 - 7*s + 3. Calculate the remainder when z(b) is divided by 34.
21
Suppose -2*k - 2*l + 26 = 2*l, -k + 25 = 5*l. Calculate the remainder when 34 is divided by k.
4
Suppose -f + 5 = 4*q, -5*f - 27*q + 41 = -23*q. Calculate the remainder when 25 is divided by f.
7
Suppose 2*f + 186 = -138. Let b = -102 - f. Let j(u) = u**2 - u + 1. What is the remainder when b is divided by j(-4)?
18
Let q(s) = -4*s - 49 + 27 + 20. What is the remainder when 52 is divided by q(-5)?
16
Let c = -97 + 99. Suppose 0 = -3*v, -3*l - 7*v + 90 = -c*v. Let j(t) = 7*t + 2. What is the remainder when l is divided by j(2)?
14
Let j(d) = d**3 + 7*d**2 + 3*d - 9. What is the remainder when 285 is divided by j(-5)?
25
Let b = 330 - 312. What is the remainder when b is divided by 15?
3
Let i be (5 + 1)*(-20)/(-15). Let m(r) = -r**2 + 12*r - 5. Suppose 15*g + 8*g = 138. Calculate the remainder when m(i) is divided by g.
3
Suppose 3*h + 3*r - 33 = -r, -11 = -h + 5*r. Suppose 22*g = 1796 - 608. What is the remainder when g is divided by h?
10
Let q(f) = f**2 + 5*f - 17. Let b = 24 - 5. What is the remainder when q(-10) is divided by b?
14
Suppose -r = 2*f + 25, -5*f - 5*r - 20 - 30 = 0. Let j = -11 - f. What is the remainder when 47 is divided by (-3 + 19)*3/j?
11
Let q(t) = -t**3 + 7*t**2 + 9*t - 6. Let s be q(8). Suppose -c = -4*m - 31, 0 = -2*c - 0*m - s*m + 12. What is the remainder when 42 is divided by c?
9
Suppose 133 = 3*g - v, 0 = g + v + 12 - 55. Calculate the remainder when g is divided by 12.
8
Suppose 5*u - 20 = 0, 3*t + u = -0*t + 91. Suppose -y + 0*y + 10 = 0. Calculate the remainder when t is divided by (-2)/y + (-357)/(-35).
9
Suppose -4*l + 48 = -0*l. Let r = 98 - 142. Let u = r - -48. What is the remainder when l is divided by u?
0
Let r(j) = 18*j + 5. Let u be r(-6). Let p = -60 - u. What is the remainder when p is divided by 16?
11
Let q(y) = -28*y + 144. What is the remainder when q(5) is divided by 1?
0
Calculate the remainder when (13/(-3) - -1)*150426/(-610) is divided by 8.
6
Suppose -41*r = -256 - 605. Let a(k) = 11*k. What is the remainder when r is divided by a(1)?
10
Let n(t) = -2*t - 28 - 3*t + 3*t + 0*t. Let p be n(-15). Suppose -2*s - p = -30. What is the remainder when s is divided by 3?
2
Suppose -5*i + 264 = -2*i. Suppose p + i = 3*p. Calculate the remainder when p + 0 - (-2 + 1) is divided by 24.
21
Let r(n) = 5*n**2 - n - 2. Suppose -j + 2*a = 17, -3*j = -2*j - 4*a + 21. Let f = -15 - j. What is the remainder when 38 is divided by r(f)?
18
Suppose -l = l + 108. Let g = -28 - l. What is the remainder when g is divided by 6?
2
Suppose -2*b = b - 54. Let u(h) = -4*h**2 - 2. Let k be u(-3). Let g = k - -71. Calculate the remainder when g is divided by b.
15
Suppose 0 = b - 2*b + 5*o + 30, 2*b - o - 96 = 0. Calculate the remainder when 196 is divided by b.
46
Let f be 1*1/3*987/7. Let i = 39 + -71. Let m = i + f. What is the remainder when 27 is divided by m?
12
Calculate the remainder when 283 is divided by (-50)/250 + 11*22/10.
19
Let g(z) = z**3 + 7*z**2 + 13*z + 46. What is the remainder when 38 is divided by g(-6)?
2
Suppose -51*u + 47*u = -168. Calculate the remainder when u is divided by 15.
12
Let f(w) = -w**2 + 11*w - 27. Let c be f(5). Calculate the remainder when 65 is divided by 3/6*c + (-67)/(-2).
30
Let r(b) = 6*b**2 - 3*b + 3. Calculate the remainder when (-3)/(7/(-14)*-15)*-155 is divided by r(2).
20
Let y = -102 + 140. Let h = -34 - -67. Calculate the remainder when y is divided by -1 - -1*h/3.
8
Suppose -2*k + 5*k - 10 = m, -3*k - 10 = 4*m. Let q = -7 - -24. Calculate the remainder when q is divided by k/((-6)/21)*-1.
3
Let g(t) = -t**3 + 18*t**2 + t - 13. Let u be g(18). Suppose -5*v = l - 135, 2*v = u*v + l - 81. Calculate the remainder when v is divided by 15.
12
Let h(t) = 4*t**2 + 5*t + 22. Suppose 4*r = k + 4*k + 40, 0 = 2*k - r + 13. Let a(q) = 2*q + 5. What is the remainder when h(k) is divided by a(6)?
15
Suppose -5*k + 2*b = -184, -3*b = -4*k + 9*k - 174. Calcul